{"version":"1.0","provider_name":"EducatesPilar.com","provider_url":"https:\/\/educatespilar.com\/en","author_name":"educates","author_url":"https:\/\/educatespilar.com\/en\/author\/educates\/","title":"Formaci\u00f3n t\u00e9cnica: una herramienta para combatir desigualdades - EducatesPilar.com","type":"rich","width":600,"height":338,"html":"<blockquote class=\"wp-embedded-content\" data-secret=\"a4ElQQAVwv\"><a href=\"https:\/\/educatespilar.com\/en\/formacion-tecnica-una-herramienta-para-combatir-desigualdades\/\">Formaci\u00f3n t\u00e9cnica: una herramienta para combatir desigualdades<\/a><\/blockquote><iframe sandbox=\"allow-scripts\" security=\"restricted\" src=\"https:\/\/educatespilar.com\/en\/formacion-tecnica-una-herramienta-para-combatir-desigualdades\/embed\/#?secret=a4ElQQAVwv\" width=\"600\" height=\"338\" title=\"&#8220;Formaci\u00f3n t\u00e9cnica: una herramienta para combatir desigualdades&#8221; &#8212; EducatesPilar.com\" data-secret=\"a4ElQQAVwv\" frameborder=\"0\" marginwidth=\"0\" marginheight=\"0\" scrolling=\"no\" class=\"wp-embedded-content\"><\/iframe><script>\n\/*! This file is auto-generated *\/\n!function(d,l){\"use strict\";l.querySelector&&d.addEventListener&&\"undefined\"!=typeof URL&&(d.wp=d.wp||{},d.wp.receiveEmbedMessage||(d.wp.receiveEmbedMessage=function(e){var t=e.data;if((t||t.secret||t.message||t.value)&&!\/[^a-zA-Z0-9]\/.test(t.secret)){for(var s,r,n,a=l.querySelectorAll('iframe[data-secret=\"'+t.secret+'\"]'),o=l.querySelectorAll('blockquote[data-secret=\"'+t.secret+'\"]'),c=new RegExp(\"^https?:$\",\"i\"),i=0;i<o.length;i++)o[i].style.display=\"none\";for(i=0;i<a.length;i++)s=a[i],e.source===s.contentWindow&&(s.removeAttribute(\"style\"),\"height\"===t.message?(1e3<(r=parseInt(t.value,10))?r=1e3:~~r<200&&(r=200),s.height=r):\"link\"===t.message&&(r=new URL(s.getAttribute(\"src\")),n=new URL(t.value),c.test(n.protocol))&&n.host===r.host&&l.activeElement===s&&(d.top.location.href=t.value))}},d.addEventListener(\"message\",d.wp.receiveEmbedMessage,!1),l.addEventListener(\"DOMContentLoaded\",function(){for(var e,t,s=l.querySelectorAll(\"iframe.wp-embedded-content\"),r=0;r<s.length;r++)(t=(e=s[r]).getAttribute(\"data-secret\"))||(t=Math.random().toString(36).substring(2,12),e.src+=\"#?secret=\"+t,e.setAttribute(\"data-secret\",t)),e.contentWindow.postMessage({message:\"ready\",secret:t},\"*\")},!1)))}(window,document);\n\/\/# sourceURL=https:\/\/educatespilar.com\/wp-includes\/js\/wp-embed.min.js\n<\/script>","thumbnail_url":"https:\/\/educatespilar.com\/wp-content\/uploads\/2025\/10\/woman-showing-schedule-coworker-scaled.jpg","thumbnail_width":2560,"thumbnail_height":1707,"description":"Entre los distintos tipos de educaci\u00f3n, la t\u00e9cnica ocupa un gran lugar contando con un programa curricular puntual para los alumnos con una visi\u00f3n particular. En los \u00faltimos a\u00f1os, la formaci\u00f3n t\u00e9cnica tom\u00f3 mayor relevancia al ganar terreno como una de las estrategias fundamentales en la educaci\u00f3n, para enfrentar las desigualdades estructurales, que dificultan el [&hellip;]"}

Formación técnica: una herramienta para combatir desigualdades - EducatesPilar.com

<blockquote class="wp-embedded-content" data-secret="a4ElQQAVwv"><a href="https://educatespilar.com/en/formacion-tecnica-una-herramienta-para-combatir-desigualdades/">Formación técnica: una herramienta para combatir desigualdades</a></blockquote><iframe sandbox="allow-scripts" security="restricted" src="https://educatespilar.com/en/formacion-tecnica-una-herramienta-para-combatir-desigualdades/embed/#?secret=a4ElQQAVwv" width="600" height="338" title="&#8220;Formación técnica: una herramienta para combatir desigualdades&#8221; &#8212; EducatesPilar.com" data-secret="a4ElQQAVwv" frameborder="0" marginwidth="0" marginheight="0" scrolling="no" class="wp-embedded-content"></iframe><script>
/*! This file is auto-generated */
!function(d,l){"use strict";l.querySelector&&d.addEventListener&&"undefined"!=typeof URL&&(d.wp=d.wp||{},d.wp.receiveEmbedMessage||(d.wp.receiveEmbedMessage=function(e){var t=e.data;if((t||t.secret||t.message||t.value)&&!/[^a-zA-Z0-9]/.test(t.secret)){for(var s,r,n,a=l.querySelectorAll('iframe[data-secret="'+t.secret+'"]'),o=l.querySelectorAll('blockquote[data-secret="'+t.secret+'"]'),c=new RegExp("^https?:$","i"),i=0;i<o.length;i++)o[i].style.display="none";for(i=0;i<a.length;i++)s=a[i],e.source===s.contentWindow&&(s.removeAttribute("style"),"height"===t.message?(1e3<(r=parseInt(t.value,10))?r=1e3:~~r<200&&(r=200),s.height=r):"link"===t.message&&(r=new URL(s.getAttribute("src")),n=new URL(t.value),c.test(n.protocol))&&n.host===r.host&&l.activeElement===s&&(d.top.location.href=t.value))}},d.addEventListener("message",d.wp.receiveEmbedMessage,!1),l.addEventListener("DOMContentLoaded",function(){for(var e,t,s=l.querySelectorAll("iframe.wp-embedded-content"),r=0;r<s.length;r++)(t=(e=s[r]).getAttribute("data-secret"))||(t=Math.random().toString(36).substring(2,12),e.src+="#?secret="+t,e.setAttribute("data-secret",t)),e.contentWindow.postMessage({message:"ready",secret:t},"*")},!1)))}(window,document);
//# sourceURL=https://educatespilar.com/wp-includes/js/wp-embed.min.js
</script>

Entre los distintos tipos de educación, la técnica ocupa un gran lugar contando con un programa curricular puntual para los alumnos con una visión particular. En los últimos años, la formación técnica tomó mayor relevancia al ganar terreno como una de las estrategias fundamentales en la educación, para enfrentar las desigualdades estructurales, que dificultan el [&hellip;]
